{"id":25,"date":"2020-01-17T10:36:46","date_gmt":"2020-01-17T09:36:46","guid":{"rendered":"http:\/\/localhost:8888\/?page_id=25"},"modified":"2020-03-05T14:43:02","modified_gmt":"2020-03-05T13:43:02","slug":"impressum-agbs","status":"publish","type":"page","link":"https:\/\/sigrid-westenfelder.de\/sigrid-westenfelder\/impressum-agbs\/","title":{"rendered":"Impressum &#038; AGBs"},"content":{"rendered":"\n<p> Sigrid Westenfelder<br> Ilsestra\u00dfe 24 &nbsp; <\/p>\n\n\n\n<p>12051 Berlin<br><br>+49 (0) 178 34 83 382 <\/p>\n\n\n\n<p> <a href=\"mailto:info@sigrid-westenfelder.de\">info @ sigrid-westenfelder.de<\/a>           &nbsp; <\/p>\n\n\n\n<br><br>\n\n\n\n<p><strong>Fotos<\/strong><\/p>\n\n\n\n<p>Oliver Autumn (Startseite links oben, Folgeseite \u201eZusammen\u201c), Marieken Verheyen (Startseite rechts oben, Folgeseite \u201eIndividuell\u201c), Sigrid Westenfelder (Startseite links + rechts unten, Folgeseiten \u201eIm Umland\u201c + \u201eAm Meer\u201c)<\/p>\n\n\n\n<p><br><\/p>\n\n\n\n<p><strong>Website<\/strong><\/p>\n\n\n\n<p>Konzeption, Gestaltung und Umsetzung:<\/p>\n\n\n\n<p><a href=\"http:\/\/www.peick-kd.de\/\" target=\"_blank\" rel=\"noreferrer noopener\" aria-label=\"peick Kommunikationsdesign (\u00f6ffnet in neuem Tab)\">peick Kommunikationsdesign<\/a><\/p>\n\n\n\n<p><br><\/p>\n\n\n\n<p><strong>Haftung f\u00fcr Inhalte<\/strong><\/p>\n\n\n\n<p>Als Diensteanbieter sind wir gem\u00e4\u00df \u00a7 7 Abs.1 TMG f\u00fcr eigene Inhalte \nauf diesen Seiten nach den allgemeinen Gesetzen verantwortlich. Nach \u00a7\u00a7 8\n bis 10 TMG sind wir als Diensteanbieter jedoch nicht verpflichtet, \n\u00fcbermittelte oder gespeicherte fremde Informationen zu \u00fcberwachen oder \nnach Umst\u00e4nden zu forschen, die auf eine rechtswidrige T\u00e4tigkeit \nhinweisen.<\/p>\n\n\n\n<p>Verpflichtungen zur Entfernung oder Sperrung der Nutzung von \nInformationen nach den allgemeinen Gesetzen bleiben hiervon unber\u00fchrt. \nEine diesbez\u00fcgliche Haftung ist jedoch erst ab dem Zeitpunkt der \nKenntnis einer konkreten Rechtsverletzung m\u00f6glich. Bei Bekanntwerden von\n entsprechenden Rechtsverletzungen werden wir diese Inhalte umgehend \nentfernen.<\/p>\n\n\n\n<br><br>\n\n\n\n<p><strong>Haftung f\u00fcr Links<\/strong><\/p>\n\n\n\n<p>Unser Angebot enth\u00e4lt Links zu externen Websites Dritter, auf deren \nInhalte wir keinen Einfluss haben. Deshalb k\u00f6nnen wir f\u00fcr diese fremden \nInhalte auch keine Gew\u00e4hr \u00fcbernehmen. F\u00fcr die Inhalte der verlinkten \nSeiten ist stets der jeweilige Anbieter oder Betreiber der Seiten \nverantwortlich. Die verlinkten Seiten wurden zum Zeitpunkt der \nVerlinkung auf m\u00f6gliche Rechtsverst\u00f6\u00dfe \u00fcberpr\u00fcft. Rechtswidrige Inhalte \nwaren zum Zeitpunkt der Verlinkung nicht erkennbar.<\/p>\n\n\n\n<p>Eine permanente inhaltliche Kontrolle der verlinkten Seiten ist \njedoch ohne konkrete Anhaltspunkte einer Rechtsverletzung nicht \nzumutbar. Bei Bekanntwerden von Rechtsverletzungen werden wir derartige \nLinks umgehend entfernen.<\/p>\n\n\n\n<br><br>\n\n\n\n<p><strong>Urheberrecht<\/strong><\/p>\n\n\n\n<p>Die durch die Seitenbetreiber erstellten Inhalte und Werke auf diesen\n Seiten unterliegen dem deutschen Urheberrecht. Die Vervielf\u00e4ltigung, \nBearbeitung, Verbreitung und jede Art der Verwertung au\u00dferhalb der \nGrenzen des Urheberrechtes bed\u00fcrfen der schriftlichen Zustimmung des \njeweiligen Autors bzw. Erstellers. Downloads und Kopien dieser Seite \nsind nur f\u00fcr den privaten, nicht kommerziellen Gebrauch gestattet.<\/p>\n\n\n\n<p>Soweit die Inhalte auf dieser Seite nicht vom Betreiber erstellt  wurden, werden die Urheberrechte Dritter beachtet. Insbesondere werden  Inhalte Dritter als solche gekennzeichnet. Sollten Sie trotzdem auf eine  Urheberrechtsverletzung aufmerksam werden, bitten wir um einen  entsprechenden Hinweis. Bei Bekanntwerden von Rechtsverletzungen werden  wir derartige Inhalte umgehend entfernen.<\/p>\n\n\n\n<br><br>\n\n\n\n<h1>Teilnahmebedingungen (AGB) der Kurse von Sigrid Westenfelder<\/h1>\n\n\n\n<p><strong>1. Anmeldung<\/strong><\/p>\n\n\n\n<p> Die Anmeldung erfolgt schriftlich mit der vereinbarten Anzahlung in H\u00f6he von 50 \u20ac und ist verbindlich. Sollte ein Kurs belegt sein, erfolgt eine  Mitteilung hier\u00fcber und Sie werden auf die Warteliste gesetzt. Sobald  ein Platz verf\u00fcgbar sein sollte, werden Sie umgehend informiert. Falls  Sie an dem Kurs nicht teilnehmen k\u00f6nnen, zahlt Sigrid Westenfelder  bereits geleistete Teilnahmegeb\u00fchren bei Kursbeginn zur\u00fcck, falls jemand Ihren Platz \u00fcbernimmt. Bleibt der Platz frei m\u00fcssen Sie die Kosten \u00fcbernehmen.<\/p>\n\n\n\n<p><br><\/p>\n\n\n\n<p><strong>2. Teilnahmef\u00e4higkeit<\/strong><\/p>\n\n\n\n<p>\nBei allen Kursen und Seminaen ist Selbstverantwortlichkeit und normale \npsychische und physische Belastbarkeit vorausgesetzt. Wenn Sie sich in \npsychotherapeutischer Behandlung befinden, besprechen Sie die Teilnahme \nbitte mit Ihrem Therapeuten. Bei akuten k\u00f6rperlichen oder psychischen \nProblemen sollte vorher mit einem Arzt abgekl\u00e4rt werden, ob die \u00dcbungen \nzu diesem Zeitpunkt sinnvoll sind.\nDie Teilnahme an allen Kursen erfolgt unter Ausschluss jeglicher \nHaftung.\n<\/p>\n\n\n\n<p><br><\/p>\n\n\n\n<p><strong>3. Haftung<\/strong><\/p>\n\n\n\n<p>\nDie Nutzung der R\u00e4umlichkeiten und meiner Angebote erfolgt f\u00fcr die Teilnehmer auf eigene\nGefahr. Sigrid Westenfelder \u00fcbernimmt keinerlei Haftung f\u00fcr die von Teilnehmern mitgebrachten Wertgegenst\u00e4nde.\n\n&nbsp;\n<\/p>\n\n\n\n<p><br><\/p>\n\n\n\n<p><strong>4. Teilnahmegeb\u00fchren<\/strong><\/p>\n\n\n\n<p> Teilnahmegeb\u00fchren f\u00fcr fest vereinbarte Kurslaufzeiten sind 14 Tage im  Voraus f\u00fcr die gesamte Laufzeit zu zahlen. <\/p>\n\n\n\n<p><br><\/p>\n\n\n\n<p><strong>5. K\u00fcndigung<\/strong><\/p>\n\n\n\n<p>\nKursvertr\u00e4ge f\u00fcr fortlaufende Kurse sind mit einer Frist von 6 Wochen schriftlich k\u00fcndbar.\n\n&nbsp;\n<\/p>\n\n\n\n<p><br><\/p>\n\n\n\n<p><strong>6. Kursorganisation<\/strong><\/p>\n\n\n\n<p>\nIm Falle von Krankheit oder anderweitiger Verhinderung der Kursleiterin \nSigrid Westerfelder, wird eine Vertretung f\u00fcr den jeweiligen Kurs \norganisiert. Sollte dies nicht gelingen, kann ein Kurs ausfallen.\n\n&nbsp;\n<\/p>\n\n\n\n<p><br><\/p>\n\n\n\n<p><strong>7. Allgemein<\/strong><\/p>\n\n\n\n<p>\nM\u00fcndliche Nebenabreden werden nicht getroffen. \u00c4nderungen und \nErg\u00e4nzungen dieser AGB und s\u00e4mtlicher\nKursvertr\u00e4ge bed\u00fcrfen der Schriftform. F\u00fcr alle Rechtsbeziehungen ist \ndas deutsche Recht anwendbar. Gerichtsstand ist Berlin. Sollte eine oder\n mehrere Bestimmungen von Mitgliedschaftsvertr\u00e4gen oder diesen AGB \nunwirksam sein oder werden, so wird dadurch die Wirksamkeit der \u00fcbrigen \nBestimmungen nicht ber\u00fchrt.\n\n<\/p>\n\n\n\n<p><\/p>\n","protected":false},"excerpt":{"rendered":"<p>Sigrid Westenfelder Ilsestra\u00dfe 24 &nbsp; 12051 Berlin +49 (0) 178 34 83 382 info @ sigrid-westenfelder.de &nbsp; Fotos Oliver Autumn (Startseite links oben, Folgeseite \u201eZusammen\u201c), Marieken Verheyen (Startseite rechts oben, Folgeseite \u201eIndividuell\u201c), Sigrid Westenfelder (Startseite links + rechts unten, Folgeseiten \u201eIm Umland\u201c + \u201eAm Meer\u201c) Website Konzeption, Gestaltung und Umsetzung: peick Kommunikationsdesign Haftung f\u00fcr Inhalte [&hellip;]<\/p>\n","protected":false},"author":1,"featured_media":0,"parent":0,"menu_order":90,"comment_status":"closed","ping_status":"closed","template":"seiteohnesidebar.php","meta":[],"yoast_head":"<!-- This site is optimized with the Yoast SEO plugin v17.9 - https:\/\/yoast.com\/wordpress\/plugins\/seo\/ -->\n<meta name=\"robots\" content=\"index, follow, max-snippet:-1, max-image-preview:large, max-video-preview:-1\" \/>\n<link rel=\"canonical\" href=\"https:\/\/sigrid-westenfelder.de\/sigrid-westenfelder\/impressum-agbs\/\" \/>\n<meta property=\"og:locale\" content=\"de_DE\" \/>\n<meta property=\"og:type\" content=\"article\" \/>\n<meta property=\"og:title\" content=\"Impressum &amp; AGBs - Sigrid Westenfelder \u2013 Cantienca, Beckenbodentraining, Spiraldynamik, Lauftraining\" \/>\n<meta property=\"og:description\" content=\"Sigrid Westenfelder Ilsestra\u00dfe 24 &nbsp; 12051 Berlin +49 (0) 178 34 83 382 info @ sigrid-westenfelder.de &nbsp; Fotos Oliver Autumn (Startseite links oben, Folgeseite \u201eZusammen\u201c), Marieken Verheyen (Startseite rechts oben, Folgeseite \u201eIndividuell\u201c), Sigrid Westenfelder (Startseite links + rechts unten, Folgeseiten \u201eIm Umland\u201c + \u201eAm Meer\u201c) Website Konzeption, Gestaltung und Umsetzung: peick Kommunikationsdesign Haftung f\u00fcr Inhalte [&hellip;]\" \/>\n<meta property=\"og:url\" content=\"https:\/\/sigrid-westenfelder.de\/sigrid-westenfelder\/impressum-agbs\/\" \/>\n<meta property=\"og:site_name\" content=\"Sigrid Westenfelder \u2013 Cantienca, Beckenbodentraining, Spiraldynamik, Lauftraining\" \/>\n<meta property=\"article:modified_time\" content=\"2020-03-05T13:43:02+00:00\" \/>\n<meta name=\"twitter:card\" content=\"summary_large_image\" \/>\n<meta name=\"twitter:label1\" content=\"Gesch\u00e4tzte Lesezeit\" \/>\n\t<meta name=\"twitter:data1\" content=\"3\u00a0Minuten\" \/>\n<script type=\"application\/ld+json\" class=\"yoast-schema-graph\">{\"@context\":\"https:\/\/schema.org\",\"@graph\":[{\"@type\":\"WebSite\",\"@id\":\"https:\/\/sigrid-westenfelder.de\/sigrid-westenfelder\/#website\",\"url\":\"https:\/\/sigrid-westenfelder.de\/sigrid-westenfelder\/\",\"name\":\"Sigrid Westenfelder \\u2013 Cantienca, Beckenbodentraining, Spiraldynamik, Lauftraining\",\"description\":\"Aufrichten \\u00b7 Ausbreiten \\u00b7 Aufatmen - Ich bin Sigrid Westenfelder. Trainerin f\\u00fcr gesunde Bewegung und Haltungsexpertin. Du suchst aus Gr\\u00fcnden der Gesundheit ein intelligentes Training f\\u00fcr Kraft, Elastizit\\u00e4t und Ausstrahlung ? Oder m\\u00f6chtest ein Coaching, um Beschwerden zu verstehen und nachhaltig positiv ver\\u00e4ndern zu k\\u00f6nnen?  Ich bin sehr gern f\\u00fcr dich da!  Die CANTIENICA \\u2013 Methode f\\u00fcr K\\u00f6rperform und Haltung ist ein absolut gro\\u00dfartiges K\\u00f6rpertraining f\\u00fcr den Beckenboden und die Entdeckung der Tiefenmuskulatur.  Spiraldynamik ist ein dreidimensionales Bewegungskonzept, das gesunde Bewegung erkl\\u00e4rbar, erfahrbar und lernbar macht.\",\"potentialAction\":[{\"@type\":\"SearchAction\",\"target\":{\"@type\":\"EntryPoint\",\"urlTemplate\":\"https:\/\/sigrid-westenfelder.de\/sigrid-westenfelder\/?s={search_term_string}\"},\"query-input\":\"required name=search_term_string\"}],\"inLanguage\":\"de\"},{\"@type\":\"WebPage\",\"@id\":\"https:\/\/sigrid-westenfelder.de\/sigrid-westenfelder\/impressum-agbs\/#webpage\",\"url\":\"https:\/\/sigrid-westenfelder.de\/sigrid-westenfelder\/impressum-agbs\/\",\"name\":\"Impressum & AGBs - Sigrid Westenfelder \\u2013 Cantienca, Beckenbodentraining, Spiraldynamik, Lauftraining\",\"isPartOf\":{\"@id\":\"https:\/\/sigrid-westenfelder.de\/sigrid-westenfelder\/#website\"},\"datePublished\":\"2020-01-17T09:36:46+00:00\",\"dateModified\":\"2020-03-05T13:43:02+00:00\",\"breadcrumb\":{\"@id\":\"https:\/\/sigrid-westenfelder.de\/sigrid-westenfelder\/impressum-agbs\/#breadcrumb\"},\"inLanguage\":\"de\",\"potentialAction\":[{\"@type\":\"ReadAction\",\"target\":[\"https:\/\/sigrid-westenfelder.de\/sigrid-westenfelder\/impressum-agbs\/\"]}]},{\"@type\":\"BreadcrumbList\",\"@id\":\"https:\/\/sigrid-westenfelder.de\/sigrid-westenfelder\/impressum-agbs\/#breadcrumb\",\"itemListElement\":[{\"@type\":\"ListItem\",\"position\":1,\"name\":\"Startseite\",\"item\":\"https:\/\/sigrid-westenfelder.de\/sigrid-westenfelder\/\"},{\"@type\":\"ListItem\",\"position\":2,\"name\":\"Impressum &#038; AGBs\"}]}]}<\/script>\n<!-- \/ Yoast SEO plugin. -->","yoast_head_json":{"robots":{"index":"index","follow":"follow","max-snippet":"max-snippet:-1","max-image-preview":"max-image-preview:large","max-video-preview":"max-video-preview:-1"},"canonical":"https:\/\/sigrid-westenfelder.de\/sigrid-westenfelder\/impressum-agbs\/","og_locale":"de_DE","og_type":"article","og_title":"Impressum & AGBs - Sigrid Westenfelder \u2013 Cantienca, Beckenbodentraining, Spiraldynamik, Lauftraining","og_description":"Sigrid Westenfelder Ilsestra\u00dfe 24 &nbsp; 12051 Berlin +49 (0) 178 34 83 382 info @ sigrid-westenfelder.de &nbsp; Fotos Oliver Autumn (Startseite links oben, Folgeseite \u201eZusammen\u201c), Marieken Verheyen (Startseite rechts oben, Folgeseite \u201eIndividuell\u201c), Sigrid Westenfelder (Startseite links + rechts unten, Folgeseiten \u201eIm Umland\u201c + \u201eAm Meer\u201c) Website Konzeption, Gestaltung und Umsetzung: peick Kommunikationsdesign Haftung f\u00fcr Inhalte [&hellip;]","og_url":"https:\/\/sigrid-westenfelder.de\/sigrid-westenfelder\/impressum-agbs\/","og_site_name":"Sigrid Westenfelder \u2013 Cantienca, Beckenbodentraining, Spiraldynamik, Lauftraining","article_modified_time":"2020-03-05T13:43:02+00:00","twitter_card":"summary_large_image","twitter_misc":{"Gesch\u00e4tzte Lesezeit":"3\u00a0Minuten"},"schema":{"@context":"https:\/\/schema.org","@graph":[{"@type":"WebSite","@id":"https:\/\/sigrid-westenfelder.de\/sigrid-westenfelder\/#website","url":"https:\/\/sigrid-westenfelder.de\/sigrid-westenfelder\/","name":"Sigrid Westenfelder \u2013 Cantienca, Beckenbodentraining, Spiraldynamik, Lauftraining","description":"Aufrichten \u00b7 Ausbreiten \u00b7 Aufatmen - Ich bin Sigrid Westenfelder. Trainerin f\u00fcr gesunde Bewegung und Haltungsexpertin. Du suchst aus Gr\u00fcnden der Gesundheit ein intelligentes Training f\u00fcr Kraft, Elastizit\u00e4t und Ausstrahlung ? Oder m\u00f6chtest ein Coaching, um Beschwerden zu verstehen und nachhaltig positiv ver\u00e4ndern zu k\u00f6nnen?  Ich bin sehr gern f\u00fcr dich da!  Die CANTIENICA \u2013 Methode f\u00fcr K\u00f6rperform und Haltung ist ein absolut gro\u00dfartiges K\u00f6rpertraining f\u00fcr den Beckenboden und die Entdeckung der Tiefenmuskulatur.  Spiraldynamik ist ein dreidimensionales Bewegungskonzept, das gesunde Bewegung erkl\u00e4rbar, erfahrbar und lernbar macht.","potentialAction":[{"@type":"SearchAction","target":{"@type":"EntryPoint","urlTemplate":"https:\/\/sigrid-westenfelder.de\/sigrid-westenfelder\/?s={search_term_string}"},"query-input":"required name=search_term_string"}],"inLanguage":"de"},{"@type":"WebPage","@id":"https:\/\/sigrid-westenfelder.de\/sigrid-westenfelder\/impressum-agbs\/#webpage","url":"https:\/\/sigrid-westenfelder.de\/sigrid-westenfelder\/impressum-agbs\/","name":"Impressum & AGBs - Sigrid Westenfelder \u2013 Cantienca, Beckenbodentraining, Spiraldynamik, Lauftraining","isPartOf":{"@id":"https:\/\/sigrid-westenfelder.de\/sigrid-westenfelder\/#website"},"datePublished":"2020-01-17T09:36:46+00:00","dateModified":"2020-03-05T13:43:02+00:00","breadcrumb":{"@id":"https:\/\/sigrid-westenfelder.de\/sigrid-westenfelder\/impressum-agbs\/#breadcrumb"},"inLanguage":"de","potentialAction":[{"@type":"ReadAction","target":["https:\/\/sigrid-westenfelder.de\/sigrid-westenfelder\/impressum-agbs\/"]}]},{"@type":"BreadcrumbList","@id":"https:\/\/sigrid-westenfelder.de\/sigrid-westenfelder\/impressum-agbs\/#breadcrumb","itemListElement":[{"@type":"ListItem","position":1,"name":"Startseite","item":"https:\/\/sigrid-westenfelder.de\/sigrid-westenfelder\/"},{"@type":"ListItem","position":2,"name":"Impressum &#038; AGBs"}]}]}},"_links":{"self":[{"href":"https:\/\/sigrid-westenfelder.de\/sigrid-westenfelder\/wp-json\/wp\/v2\/pages\/25"}],"collection":[{"href":"https:\/\/sigrid-westenfelder.de\/sigrid-westenfelder\/wp-json\/wp\/v2\/pages"}],"about":[{"href":"https:\/\/sigrid-westenfelder.de\/sigrid-westenfelder\/wp-json\/wp\/v2\/types\/page"}],"author":[{"embeddable":true,"href":"https:\/\/sigrid-westenfelder.de\/sigrid-westenfelder\/wp-json\/wp\/v2\/users\/1"}],"replies":[{"embeddable":true,"href":"https:\/\/sigrid-westenfelder.de\/sigrid-westenfelder\/wp-json\/wp\/v2\/comments?post=25"}],"version-history":[{"count":33,"href":"https:\/\/sigrid-westenfelder.de\/sigrid-westenfelder\/wp-json\/wp\/v2\/pages\/25\/revisions"}],"predecessor-version":[{"id":485,"href":"https:\/\/sigrid-westenfelder.de\/sigrid-westenfelder\/wp-json\/wp\/v2\/pages\/25\/revisions\/485"}],"wp:attachment":[{"href":"https:\/\/sigrid-westenfelder.de\/sigrid-westenfelder\/wp-json\/wp\/v2\/media?parent=25"}],"curies":[{"name":"wp","href":"https:\/\/api.w.org\/{rel}","templated":true}]}}